Let o = -921 + 938. Suppose -5*z + 294 = -641. Calculate the greatest common divisor of z and o.
17
Suppose 19 = -2*c + c. Let m = 32 + c. What is the highest common divisor of m and 13?
13
Let h(n) = 55*n - 35. Let r be h(1). Let z(v) = 4*v. Let g be z(5). What is the greatest common factor of r and g?
20
Let q be (-1495)/(-11) - (-33)/363. What is the highest common factor of 102 and q?
34
Suppose -5*r + 900 = -2*h - 3*h, 0 = 3*h + 15. What is the highest common factor of r and 14?
7
Suppose -4*g = 14*s - 16*s - 340, -s - 255 = -3*g. Calculate the greatest common divisor of g and 187.
17
Let g(x) = -9*x + 1. Let w be g(-1). Let q be ((-9)/(-3))/(-3) + 1. Suppose q = 2*s - 10 - 10. Calculate the highest common factor of w and s.
10
Suppose 0 = 4*s - 12, -3*p - 5*s - 37 = -7*p. Calculate the greatest common factor of 15 and p.
1
Let c(t) = -t**3 - 14*t**2 + 36*t + 88. Let f be c(-16). Suppose 0 = 4*g + 8, 4*a - 3*g = -2*g + 26. What is the greatest common divisor of a and f?
6
Let p(j) = j**2 - 7*j + 30. Let y be p(-8). What is the greatest common factor of y and 12?
6
Let b = -482 - -560. Calculate the greatest common factor of b and 24.
6
Let s = -219 + 225. Calculate the highest common factor of s and 318.
6
Let k be 340/8 + ((-1)/2 - 0). Calculate the greatest common divisor of k and 36.
6
Let r = 1203 + -916. What is the greatest common divisor of r and 28?
7
Let d be (164/(-2))/(1 + -3). Let p = -21 + d. What is the greatest common factor of p and 4?
4
Let l(d) = 11*d - 4. Let s be l(5). Let v = 54 + s. Calculate the greatest common factor of v and 21.
21
Let d be 2*(43/2 - -2). Suppose 0 = 4*m - 49 - d. What is the greatest common divisor of 12 and m?
12
Suppose 78 = 5*m - 27. Suppose -3*n - 33 = -i, 5*i - 68 = -4*n + m. Calculate the greatest common factor of 14 and i.
7
Let w = 149 - 72. Let o = 26 - 19. What is the highest common factor of w and o?
7
Let l be 0/(-8) - -1 - -9. Calculate the greatest common factor of 1250 and l.
10
Let z(y) = -46*y - 41. Let w be z(-1). What is the greatest common factor of w and 85?
5
Let b = 218 - 194. Let r be (-1)/3*105/(-5). Let t = -1 + r. What is the highest common factor of t and b?
6
Suppose 6*o - 379 = 269. What is the greatest common divisor of o and 405?
27
Let r = -20 + 22. Suppose 6*l - 2*l - 4 = -2*u, -l - r = 0. Let n = -7 + 31. Calculate the highest common factor of u and n.
6
Let z(s) = -7*s + 10. Let v(u) = 15*u - 21. Let k(o) = 4*v(o) + 9*z(o). Let x be k(-4). What is the highest common factor of x and 162?
18
Let g = -14 - -24. Suppose -2*t - 150 = -4*t. Suppose -2*i - 35 + t = 0. What is the highest common factor of g and i?
10
Let x = 346 + -345. Suppose 5*r - c - 22 = 0, 3*r - c = -r + 18. What is the greatest common divisor of r and x?
1
Suppose 4*i + 5*o = 2, -2*o - 1 - 3 = 0. Suppose -4*t - 11 = -n, 0*n + 5 = i*n + 2*t. Calculate the greatest common factor of n and 6.
3
Suppose -j - 5*z = 2*j - 9, 2*z - 34 = -5*j. Let u = j - 6. Suppose 5*o = 4*o + 22. Calculate the greatest common divisor of u and o.
2
Let n = 17 - -11. Let b(m) = -m + 29. Let l(w) = -2*w**2 - 15*w - 5. Let y be l(-8). Let d be b(y). What is the highest common factor of d and n?
14
Let y = 243 + -108. What is the highest common factor of y and 40?
5
Suppose 2*w = w + 105. Let l be (2 + (-32)/(-5))/((-7)/(-35)). Calculate the greatest common divisor of w and l.
21
Let k = -658 + 668. Calculate the greatest common divisor of 35 and k.
5
Suppose -q = -v - 47, q - 43 = v - 2*v. Calculate the greatest common factor of 207 and q.
9
Let m be (-16)/(3/(-3)*2). Suppose 696 = -2*i + m*i. Calculate the highest common divisor of 29 and i.
29
Let s be 7/1*(2 + -1). Suppose -s*z = -2*z - 10. What is the greatest common divisor of z and 2?
2
Let r be 0 - (69/(-1))/3. What is the greatest common factor of r and 207?
23
Let x(d) = 14*d**2 + 2*d + 4. Let a be x(-2). Suppose -5*q - 5 = 4*w + a, -5*q + 2*w - 37 = 0. Let v = 10 + q. What is the greatest common divisor of 8 and v?
1
Suppose -4*w - 2*l = -1408, -24*w + 26*w - 710 = -4*l. Calculate the highest common factor of w and 54.
27
Let u(n) = -2*n**2 - 10*n + 34. Let x be u(-5). What is the highest common factor of x and 1411?
17
Suppose 0 = 2*k - 171 - 5. Suppose -f - f + 2 = 0. Let o be 3 + -1 - (-9)/f. Calculate the highest common factor of k and o.
11
Let k = -30 + 35. Suppose -4*z + k*j + 911 = 0, -5*j = 4*z - 943 + 62. What is the highest common divisor of 28 and z?
28
Suppose 4*w - 3*w = 5. Let t = 21 - w. What is the greatest common divisor of t and 16?
16
Suppose -3*p + 144 = -60. What is the highest common factor of 306 and p?
34
Let j = 379 + -289. What is the greatest common factor of 80 and j?
10
Let w = -1362 - -1440. What is the greatest common divisor of 741 and w?
39
Let x(d) = -d**3 + 6*d**2 + 7*d - 4. Let a be x(7). Let i be -20 - -1 - 0/(-4). Let o = a - i. What is the highest common factor of o and 75?
15
Suppose j = 3*u + 109, -3*j + 173 = u - 104. Let a(b) = b**3 - 4*b**2 - 3*b - 7. Let m be a(6). What is the highest common factor of j and m?
47
Let q(f) = f**3 + 15*f**2 + 3*f + 60. Let d be q(-15). What is the greatest common factor of d and 1965?
15
Let i = -3305 - -3306. Suppose -5*y = 4*w - y - 32, 36 = 4*w + 5*y. Calculate the highest common divisor of w and i.
1
Suppose 0 = 2*v - 0*x + 2*x + 178, 5*v = -4*x - 445. Let d = 31 - v. Suppose 5*s - 62 - 58 = 0. Calculate the greatest common factor of s and d.
24
Let s = -2349 - -2391. What is the highest common divisor of s and 168?
42
Let r = -818 + 833. Let s be (-54)/((-1)/(-5)*-2). Calculate the greatest common divisor of s and r.
15
Let d(h) = 2*h + 3. Let i be d(5). Let x be i + (-1 - 2/1). Let t = 14 - x. What is the greatest common factor of t and 10?
2
Suppose 2*u - 14 = -i, -3*i - u = -2*i - 18. Suppose 7 = -3*z + i. What is the greatest common divisor of 50 and z?
5
Suppose r + 5*a - 45 = 0, 3*r - 117 = a + 98. What is the highest common factor of 175 and r?
35
Let q(r) = -2*r**3 - 13*r**2 + 2*r + 11. Let m be q(-7). Calculate the highest common factor of 736 and m.
46
Suppose -5*p - 5*w + 20 = 0, -27*w + 26*w - 44 = -5*p. Let o be -1 + 31 + (4 - 2). What is the highest common divisor of o and p?
8
Suppose -c + 4*q = 3, -4*c + c = -3*q - 9. Let r = 9 - c. Suppose r*d + 3 = 59. Calculate the greatest common factor of 98 and d.
14
Suppose w = -w - 130. Let r = 40 + w. Let i = r + 42. Calculate the highest common divisor of i and 17.
17
Let q be (-23)/((-23)/62) - 4. What is the greatest common factor of 3422 and q?
58
Let i(x) = -216*x - 36. Let d be i(-9). What is the greatest common factor of 24 and d?
12
Let z(x) = -88*x - 236. Let n be z(-7). Calculate the highest common divisor of n and 304.
76
Let s be 7/(231/(-6)) - 105/(-33). Suppose s*z - 82 - 14 = 0. Calculate the greatest common divisor of 16 and z.
16
Let t be 147/12 + 8/(-32). Suppose 0 = -4*o - t, 4*d = 6*d - 3*o + 315. Let m be d/(-15) - 4/(-20). What is the greatest common factor of m and 11?
11
Let x = -171 - 53. Let l be (x/(-40))/((-2)/(-5)). Suppose 5*y + l = 7*y. What is the greatest common factor of y and 28?
7
Suppose 5*w = -2*x + 90, 3*w - 3*x - 24 = 30. Let r be ((-14)/(-6))/(2/(-12)). Let j = w + r. What is the highest common divisor of 4 and j?
4
Let i be 48/16 - (0 + -51)*2. Suppose -5*u + u + n = -61, 4*n = 2*u - 34. Calculate the greatest common factor of u and i.
15
Let w be 100*(6 + 189/(-35)). Calculate the highest common factor of w and 300.
60
Let o be (1 + 2/6)*(-192)/(-128). Let s be (-275)/(o + (-9)/3). What is the highest common factor of s and 11?
11
Suppose 2*k - 27 = -k. Let z(a) = a**2 - 5*a - 25. Let x be z(8). Let b be (6/18)/(x/(-27)). What is the greatest common factor of k and b?
9
Let r = -105 + 113. Calculate the greatest common divisor of 88 and r.
8
Let o = -567 - -604. Calculate the highest common factor of o and 185.
37
Let h(x) = 2*x**2 - 4*x - 30. Let l be h(10). Calculate the highest common divisor of 60 and l.
10
Let v be (-176*2/12)/((-3)/9). Let b(y) = y**2 + 8*y - 5. Let d be b(-7). Let t be (d/(-10))/(6/40). Calculate the greatest common divisor of v and t.
8
Let h(c) = -c**3 - 19*c**2 + 21*c + 32. Let d be h(-20). Calculate the highest common divisor of d and 48.
12
Suppose